he prime factors of 981909.
3, 41, 887
List the prime factors of 105757.
17, 6221
What are the prime factors of 16012454?
2, 313, 25579
List the prime factors of 183417.
3, 13, 4703
What are the prime factors of 1575163?
661, 2383
What are the prime factors of 3160528?
2, 7, 28219
List the prime factors of 134125.
5, 29, 37
List the prime factors of 4551075.
3, 5, 113, 179
List the prime factors of 1170357.
3, 390119
List the prime factors of 24829016.
2, 31, 53, 1889
What are the prime factors of 19336372?
2, 11, 439463
List the prime factors of 1171158.
2, 3, 195193
List the prime factors of 35466648.
2, 3, 7, 107, 1973
What are the prime factors of 50004?
2, 3, 463
List the prime factors of 10670905.
5, 7, 304883
What are the prime factors of 244857?
3, 81619
List the prime factors of 352850.
2, 5, 7057
List the prime factors of 21770.
2, 5, 7, 311
What are the prime factors of 361537?
11, 23, 1429
What are the prime factors of 198295?
5, 39659
List the prime factors of 148927.
148927
What are the prime factors of 640363?
640363
What are the prime factors of 2800789?
37, 59, 1283
What are the prime factors of 1085010?
2, 3, 5, 59, 613
List the prime factors of 145403.
97, 1499
List the prime factors of 225357.
3, 11, 6829
List the prime factors of 2976938.
2, 17, 87557
What are the prime factors of 51721?
51721
What are the prime factors of 172301?
43, 4007
What are the prime factors of 1275038?
2, 637519
List the prime factors of 268083.
3, 9929
List the prime factors of 10733740.
2, 5, 536687
List the prime factors of 141892.
2, 19, 1867
What are the prime factors of 578349?
3, 179, 359
What are the prime factors of 120367?
13, 47, 197
What are the prime factors of 7556751?
3, 41, 20479
What are the prime factors of 3165207?
3, 73, 97, 149
List the prime factors of 226510.
2, 5, 22651
List the prime factors of 6112138.
2, 3056069
List the prime factors of 68489.
68489
List the prime factors of 139751.
29, 61, 79
List the prime factors of 203518.
2, 7, 14537
What are the prime factors of 2100980?
2, 5, 7, 43, 349
What are the prime factors of 1284802?
2, 569, 1129
What are the prime factors of 1382594?
2, 691297
List the prime factors of 430522.
2, 215261
What are the prime factors of 453459?
3, 151153
List the prime factors of 492794.
2, 53, 4649
List the prime factors of 6566536.
2, 67, 12251
What are the prime factors of 20751636?
2, 3, 359, 4817
List the prime factors of 791763.
3, 7, 37, 1019
List the prime factors of 560372.
2, 23, 6091
List the prime factors of 720254.
2, 31, 11617
List the prime factors of 3181898.
2, 1590949
What are the prime factors of 1788033?
3, 13, 19, 127
What are the prime factors of 7329966?
2, 3, 7, 199, 877
List the prime factors of 6278427.
3, 697603
What are the prime factors of 15279514?
2, 223, 34259
What are the prime factors of 2355138?
2, 3, 130841
What are the prime factors of 203332?
2, 50833
What are the prime factors of 237588?
2, 3, 13, 1523
List the prime factors of 19474361.
263, 74047
What are the prime factors of 17090720?
2, 5, 223, 479
List the prime factors of 1455365.
5, 29, 10037
List the prime factors of 223148.
2, 55787
What are the prime factors of 89701?
271, 331
What are the prime factors of 96499?
13, 571
What are the prime factors of 279087?
3, 41, 2269
List the prime factors of 7528025.
5, 17, 17713
What are the prime factors of 460479?
3, 17, 9029
What are the prime factors of 9808604?
2, 13, 53, 3559
List the prime factors of 2324338.
2, 47, 79, 313
What are the prime factors of 65594?
2, 32797
What are the prime factors of 8272898?
2, 41, 233, 433
List the prime factors of 14462590.
2, 5, 29, 49871
List the prime factors of 243640.
2, 5, 6091
What are the prime factors of 1066529?
17, 43, 1459
What are the prime factors of 972926?
2, 83, 5861
List the prime factors of 8172694.
2, 41, 99667
List the prime factors of 711033.
3, 237011
List the prime factors of 18307712.
2, 281, 509
What are the prime factors of 15320141?
15320141
What are the prime factors of 307817?
307817
What are the prime factors of 355103?
7, 7247
What are the prime factors of 937030?
2, 5, 93703
What are the prime factors of 2465553?
3, 821851
List the prime factors of 1835955.
3, 5, 11, 3709
List the prime factors of 1561671.
3, 17, 59, 173
List the prime factors of 320165.
5, 64033
List the prime factors of 185213.
7, 26459
What are the prime factors of 1613475?
3, 5, 71, 101
What are the prime factors of 437392?
2, 27337
What are the prime factors of 119096?
2, 14887
List the prime factors of 1357444.
2, 11, 30851
List the prime factors of 1019236.
2, 19, 13411
List the prime factors of 1926373.
101, 19073
What are the prime factors of 22673178?
2, 3, 11, 307, 373
What are the prime factors of 4405675?
5, 176227
What are the prime factors of 158945?
5, 83, 383
What are the prime factors of 24853943?
24853943
What are the prime factors of 1210705?
5, 31, 73, 107
List the prime factors of 588366.
2, 3, 32687
What are the prime factors of 2519102?
2, 1259551
What are the prime factors of 135938?
2, 11, 37, 167
What are the prime factors of 8689288?
2, 1086161
What are the prime factors of 250556?
2, 62639
What are the prime factors of 5105570?
2, 5, 439, 1163
What are the prime factors of 236427?
3, 78809
List the prime factors of 2818698.
2, 3, 103, 4561
List the prime factors of 311021.
311021
List the prime factors of 7204122.
2, 3, 29, 37, 373
List the prime factors of 37262592.
2, 3, 599
What are the prime factors of 1297678?
2, 17, 38167
What are the prime factors of 1195815?
3, 5, 29, 2749
List the prime factors of 392360.
2, 5, 17, 577
List the prime factors of 1104016.
2, 69001
What are the prime factors of 3965220?
2, 3, 5, 7, 1049
What are the prime factors of 2200378?
2, 17, 64717
What are the prime factors of 3120802?
2, 37, 181, 233
What are the prime factors of 9343161?
3, 346043
What are the prime factors of 12265326?
2, 3, 681407
What are the prime factors of 14572209?
3, 47, 103349
List the prime factors of 26287121.
7, 431, 8713
List the prime factors of 4616674.
2, 151, 15287
What are the prime factors of 8993534?
2, 11, 31, 13187
List the prime factors of 415700.
2, 5, 4157
List the prime factors of 6487274.
2, 3243637
What are the prime factors of 168480?
2, 3, 5, 13
List the prime factors of 266293.
266293
What are the prime factors of 2946242?
2, 13, 47, 2411
What are the prime factors of 4932758?
2, 211, 11689
List the prime factors of 287624.
2, 157, 229
List the prime factors of 5482636.
2, 17, 80627
List the prime factors of 4247997.
3, 13, 108923
What are the prime factors of 485392?
2, 23, 1319
List the prime factors of 722744.
2, 11, 43, 191
List the prime factors of 222221.
359, 619
What are the prime factors of 5999103?
3, 11, 6733
List the prime factors of 617548.
2, 154387
What are the prime factors of 124857?
3, 13873
What are the prime factors of 166121?
283, 587
What are the prime factors of 393153?
3, 29, 4519
List the prime factors of 15667430.
2, 5, 1566743
List the prime factors of 6076159.
41, 148199
List the prime factors of 44026.
2, 22013
What are the prime factors of 68075?
5, 7, 389
List the prime factors of 593108.
2, 29, 5113
List the prime factors of 17890441.
31, 577111
List the prime factors of 12627100.
2, 5, 126271
List the prime factors of 69530.
2, 5, 17, 409
What are the prime factors of 401997?
3, 133999
What are the prime factors of 7825015?
5, 11, 17, 8369
What are the prime factors of 13319744?
2, 208121
List the prime factors of 366440.
2, 5, 9161
List the prime factors of 5974494.
2, 3, 659, 1511
What are the prime factors of 72873?
3, 2699
List the prime factors of 92606.
2, 19, 2437
List the prime factors of 1230489.
3, 13, 809
List the prime factors of 3544429.
7, 506347
List the prime factors of 16311459.
3, 5437153
List the prime factors of 667041.
3, 222347
List the prime factors of 1537594.
2, 19, 43, 941
List the prime factors of 782180.
2, 5, 7, 37, 151
What are the prime factors of 2034990?
2, 3, 5, 7537
List the prime factors of 1528641.
3, 31, 5479
What are the prime factors of 376459?
53, 7103
List the prime factors of 66551.
61, 1091
List the prime factors of 804841.
389, 2069
List the prime factors of 27303045.
3, 5, 7,